{"id":5619,"date":"2015-10-15T10:55:46","date_gmt":"2015-10-15T08:55:46","guid":{"rendered":"https:\/\/www.abenteuersuechtig.de\/?page_id=5619"},"modified":"2021-03-13T12:37:16","modified_gmt":"2021-03-13T11:37:16","slug":"kooperation-und-mediakit","status":"publish","type":"page","link":"https:\/\/www.abenteuersuechtig.de\/index.php\/ueber-uns\/kooperation-und-mediakit\/","title":{"rendered":"Kooperation und Mediakit"},"content":{"rendered":"<h2>Kooperation und Mediakit<\/h2>\n<p>Alle kooperationsrelevaten Informationen rund um Abenteuersuechtig.de und unsere Mediadaten findest du hier.<br \/>\nBei Fragen <a href=\"https:\/\/www.abenteuersuechtig.de\/index.php\/kontaktformular\/\">kontaktiere<\/a> uns bitte.<\/p>\n<h3>Ein paar Zahlen<\/h3>\n<p>1496 Facebook Fans<\/p>\n<p>871 Instagram Abonnenten<\/p>\n<p>952 Twitter Follower3536<\/p>\n<p>Durchschnittswerte pro Monat laut Piwik &amp; Google Analytics. Stand August 2016<\/p>\n<p>2260 Visits<\/p>\n<p>1940 Unique Visitors<\/p>\n<p>3200 Page Views<\/p>\n<p>2:12 Sitzungsdauer in Min.<\/p>\n<h2>Abenteuersuechtig.de in anderen Medien<\/h2>\n<h3>DAV W\u00fcrzburg &#8211; Bericht: Skitouren im R\u00e4tikon<\/h3>\n<p><img loading=\"lazy\" decoding=\"async\" class=\"\" src=\"https:\/\/www.abenteuersuechtig.de\/wp-content\/uploads\/2015\/09\/DAV_Wuerzburg_2_2013.png\" alt=\"DAV_Wuerzburg_2_2013\" width=\"329\" height=\"221\"><\/p>\n<p>F\u00fcr das Mitteilungsblatt II\/2013 des DAV W\u00fcrzburg berichtet Flo in einem Artikel \u00fcber sch\u00f6ne Skitouren im R\u00e4tikon.<\/p>\n<p><a href=\"https:\/\/www.dav-wuerzburg.de\/www.dav-wuerzburg.de\/index_htm_files\/Sektionsheft_2013-2.pdf\">Zum Artikel<\/a><\/p>\n<h3>SportScheck Gletschertestival 2013<\/h3>\n<p><img loading=\"lazy\" decoding=\"async\" class=\"\" src=\"https:\/\/www.abenteuersuechtig.de\/wp-content\/uploads\/2015\/09\/Gletschertestival_2013.png\" alt=\"Gletschertestival_2013\" width=\"336\" height=\"228\"><\/p>\n<p>2013 wurden wir das erste Mal auf das SportScheck Gletschertestival eingeladen und im Zuge dessen im SportScheck Blog erw\u00e4hnt.<br \/>\nWeitere Blogartikel gibt es auf:<br \/>\n<a href=\"http:\/\/blog.schneehoehen.de\/news\/sportscheck-gletschertestival-2013\/\" target=\"_blank\" rel=\"noopener noreferrer\">PR-Blogger.de<\/a>, <a href=\"http:\/\/blog.schneehoehen.de\/news\/sportscheck-gletschertestival-2013\/\" target=\"_blank\" rel=\"noopener noreferrer\">Schneehoehen.de<\/a> &amp; <a href=\"http:\/\/nordtrekking.de\/2013\/11\/winterauftakt-mit-sportscheck-und-eine-neuentdeckung-salewa-schneeschuhe\/\" target=\"_blank\" rel=\"noopener noreferrer\">Nordtrekking.de<\/a><\/p>\n<p><a href=\"http:\/\/blog.sportscheck.com\/gletschertestival-2013\/\">Zum Artikel<\/a><\/p>\n<h3>Bergfreunde &#8211; Gear der Woche<\/h3>\n<p><img loading=\"lazy\" decoding=\"async\" class=\"\" src=\"https:\/\/www.abenteuersuechtig.de\/wp-content\/uploads\/2015\/09\/Bergfreunde_Gear_der_Woche.png\" alt=\"Bergfreunde_Gear_der_Woche\" width=\"370\" height=\"251\"><\/p>\n<p>Wir schreiben \u00fcber das Gear der Woche (Produkttest), den Kletterschuh Scarpa Instinct VS.<\/p>\n<p><a href=\"http:\/\/www.bergfreunde.de\/basislager\/gear-of-the-week-scarpa-instinct-vs-kletterschuhe\/\">Zum Artikel<\/a><\/p>\n<h3>SportScheck Outdoortestival 2014<\/h3>\n<p><img loading=\"lazy\" decoding=\"async\" class=\"\" src=\"https:\/\/www.abenteuersuechtig.de\/wp-content\/uploads\/2015\/09\/Outdoortestival_2014.png\" alt=\"Outdoortestival_2014\" width=\"340\" height=\"231\"><\/p>\n<p>2014 hatten wir das Vergn\u00fcgen, von SportScheck zum Outdoortestival nach Molveno eingeladen zu werden. Selbstverst\u00e4ndlich gibt es dazu auch einen Blogbeitrag.<br \/>\nAu\u00dferdem wurden wir im Zuge dessen noch auf den folgenden Blogs erw\u00e4hnt:<br \/>\n<a href=\"http:\/\/wandernbonn.de\/2014\/09\/08\/das-sportscheck-outdoortestival-2014-im-trentino-molveno\/\">WandernBonn.de<\/a>, <a href=\"http:\/\/klimbingkorns.de\/sportscheck-outdoortestival-2014-lago-di-molveno\/\">klimbingkorns.de<\/a>, <a href=\"http:\/\/www.outdoormaedchen.de\/2014\/09\/sportscheck-outdoor-testival-2014.html\">outdoorm\u00e4dchen.de<\/a>, <a href=\"http:\/\/www.aufundab.eu\/artikel\/liveblogging-sportscheck-outdoor-testival-molveno\">aufundab.eu<\/a>, <a href=\"https:\/\/www.otto.de\/twoforfashion\/top-5-sportscheck-outdoortestival-2014\/84590\/\">Two for fashion<\/a>, <a href=\"http:\/\/www.cycleture.de\/mtb-fahren-im-trentino\/\">cycleture.de<\/a> &amp; <a href=\"http:\/\/pr-blogger.de\/2014\/09\/18\/warum-blogger-relations-einsatz-erfordern\/\">PR-Blogger.de<\/a><\/p>\n<p><a href=\"http:\/\/blog.sportscheck.com\/sportscheck-outdoortestival-2014-mein-fazit\/\">Zum Artikel<\/a><\/p>\n<h3>Sensor Mainz \/ Wiesbaden<\/h3>\n<p>F\u00fcr das Printmagazin Sensor haben wir f\u00fcr die Ausgabe M\u00e4rz 2015 einen Artikel zum Thema Kletterhallen in Mainz und Wiesbaden geschrieben. Der Button f\u00fchrt zum PDF-Download, die Online-Ausgabe findet ihr <a href=\"http:\/\/www.sensor-magazin.de\/kletterhallen-in-mainz-und-wiesbaden\/\">hier<\/a>.<\/p>\n<p><a href=\"http:\/\/www.sensor-magazin.de\/wp-content\/uploads\/2015\/03\/sensor_Maerz2015.pdf\">Zum Artikel<\/a><\/p>\n<h3>Interview mit Bloggerszene.de<\/h3>\n<p><img loading=\"lazy\" decoding=\"async\" class=\"\" src=\"https:\/\/www.abenteuersuechtig.de\/wp-content\/uploads\/2015\/09\/Bloggerszene_Blogvorstellung.png\" alt=\"Bloggerszene_Blogvorstellung\" width=\"308\" height=\"208\"><\/p>\n<p>Im Zuge des Relaunches von Bloggerszene.de wurden wir zum Interview gebeten.<\/p>\n<p><a href=\"http:\/\/www.bloggerszene.de\/blog\/interview-mit-dennis-henss-und-florian-schupp-von-abenteuersuechtig-de\/\">Zum Artikel<\/a><\/p>\n<h3>Interview mit enziano.com<\/h3>\n<p><img decoding=\"async\" src=\"https:\/\/www.abenteuersuechtig.de\/wp-content\/uploads\/2016\/01\/enziano_com_blog.jpg\" alt=\"enziano_com_blog\"><\/p>\n<p>In der Outdoorblog-Leseempfehlung &#8222;Bloggerview&#8220; wurden wir zum Interview geladen, um einen Einblick in abenteuersuechtig.de zu bekommen.<\/p>\n<p><a href=\"http:\/\/enziano.com\/blog\/2015\/11\/17\/auf-der-suche-nach-dem-abenteuer-im-gespraech-mit-zwei-abenteuersuechtigen-outdoorblog-bloggerview\/\">Zum Artikel<\/a><\/p>\n<h2>Unsere Kooperationspartner<\/h2>\n<p>LOWA entwickelt und produziert als deutsches Traditionsunternehmen bereits seit 1923 Schuhe. Als eines der wenigen Unternehmen in dieser Branche wird nach wie vor komplett innerhalb Deutschlands und Europas gefertigt. Wir freuen uns daher ganz besonders, als Markenbotschafter und &#8222;Friend of the brand&#8220; zuk\u00fcnftig eng und freundschaftlich mit LOWA zusammenzuarbeiten!<\/p>\n<p><a href=\"http:\/\/www.lowa.de\" target=\"_blank\" rel=\"noopener noreferrer\"><img loading=\"lazy\" decoding=\"async\" class=\"scale-with-grid alignnone\" src=\"https:\/\/www.abenteuersuechtig.de\/wp-content\/uploads\/2016\/11\/logo-lowa-color.png\" alt=\"Kooperation LOWA\" width=\"472\" height=\"130\"><\/a><\/p>\n<h3>Dar\u00fcber hinaus haben wir zusammengearbeitet mit<\/h3>\n<p><img loading=\"lazy\" decoding=\"async\" class=\"scale-with-grid alignnone\" src=\"https:\/\/www.abenteuersuechtig.de\/wp-content\/uploads\/2016\/11\/logos-kooperationen.png\" alt=\"Logos bisherige Kooperationen\" width=\"1200\" height=\"176\"><\/p>\n<h3>Das sagen andere Blogger<\/h3>\n<p>OUT OF OFFICE: F\u00fcr Reisew\u00fctige, Abenteuerlustige, Materialjunkies und gro\u00dfe Spielkinder wie ich eines bin ist der Blog genau das richtige. Zudem kann man mit den Jungs klasse klettern \u2026 oder ein k\u00fchles Bierchen trinken.<br \/>\nHenryk von OUT OF OFFICE \u2013 <a href=\"http:\/\/www.oooyeah.de\" target=\"_blank\" rel=\"noopener noreferrer\">www.oooyeah.de<\/a><\/p>\n<p>ulligunde: Die zwei sind ursympathische Bergbegeisterte, die ihren Blog nicht nur aus einer kurzen Laune heraus betreiben. Sie wollen andere ehrlich inspirieren und die Leidenschaft, die sie f\u00fcr die Berge sp\u00fcren, weitergeben. Es gelingt ihnen ganz offensichtlich!<br \/>\nErika von <a href=\"http:\/\/www.ulligunde.com\" target=\"_blank\" rel=\"noopener noreferrer\">www.ulligunde.com<\/a><\/p>\n<p>WUSA ON THE MOUNTAIN: Abenteuersuechtig.de macht regelrecht s\u00fcchtig nach Abenteuern! Deshalb schauen wir regelm\u00e4\u00dfig und gerne vorbei, wenn wir mal wieder tolle Geschichten rund ums Bergsteigen und Klettern lesen wollen. Danke Flo und Dennis f\u00fcr die (Blog-)Freundschaft, die wir nicht mehr missen wollen!<br \/>\nWuSas von <a href=\"http:\/\/www.wusaonthemountain.at\" target=\"_blank\" rel=\"noopener noreferrer\">www.wusaonthemountain.at<\/a><\/p>\n<p><img loading=\"lazy\" decoding=\"async\" class=\"\" src=\"https:\/\/www.abenteuersuechtig.de\/wp-content\/uploads\/2015\/10\/Screenshot_Responsiveness.png\" alt=\"Screenshot_Responsiveness\" width=\"627\" height=\"385\"><\/p>\n<h3>Wir sind immer interessiert an spannenden Kooperationen, innovativen Produkten und neuen Erfahrungen.<\/h3>\n<p>Wir freuen uns auf eine Kontaktaufnahme und m\u00f6gliche Kooperation, speziell im Rahmen von:<\/p>\n<ul>\n<li>Recherchereisen \/ individuellen Presse-\/Bloggerreisen<\/li>\n<li>Produkttests im Outdoorsegment<\/li>\n<li>Interviews<\/li>\n<li>Kreative Ideen f\u00fcr spannende und nachhaltige Partnerschaften<\/li>\n<li>Verlosungen und Gewinnspielen<\/li>\n<li>Reviews \u00fcber besondere Unterk\u00fcnfte oder Orte<\/li>\n<\/ul>\n<p>Wir sind nicht interessiert an:<\/p>\n<ul>\n<li>Losem Content-Tausch<\/li>\n<li>Pressetexten<\/li>\n<li>Thematisch unpassenden Werbeangeboten<\/li>\n<li>Gewerblichen Gastartikeln<\/li>\n<\/ul>\n<h2>Wir arbeiten nach den Richtlinien des OutdoorBlogger Codex<\/h2>\n<p><a href=\"https:\/\/www.abenteuersuechtig.de\/wp-content\/uploads\/2017\/06\/outdoorblogger-codex.png\"><img loading=\"lazy\" decoding=\"async\" class=\"aligncenter size-medium wp-image-10465\" src=\"https:\/\/www.abenteuersuechtig.de\/wp-content\/uploads\/2017\/06\/outdoorblogger-codex-300x284.png\" alt=\"\" width=\"300\" height=\"284\" srcset=\"https:\/\/www.abenteuersuechtig.de\/wp-content\/uploads\/2017\/06\/outdoorblogger-codex-300x284.png 300w, https:\/\/www.abenteuersuechtig.de\/wp-content\/uploads\/2017\/06\/outdoorblogger-codex-154x146.png 154w, https:\/\/www.abenteuersuechtig.de\/wp-content\/uploads\/2017\/06\/outdoorblogger-codex-50x47.png 50w, https:\/\/www.abenteuersuechtig.de\/wp-content\/uploads\/2017\/06\/outdoorblogger-codex-79x75.png 79w, https:\/\/www.abenteuersuechtig.de\/wp-content\/uploads\/2017\/06\/outdoorblogger-codex-150x142.png 150w, https:\/\/www.abenteuersuechtig.de\/wp-content\/uploads\/2017\/06\/outdoorblogger-codex.png 496w\" sizes=\"auto, (max-width:767px) 300px, 300px\" \/><\/a><\/p>\n<h3>Get in touch with the adventure!<\/h3>\n<p><a href=\"http:\/\/www.abenteuersuechtig.de\/mediakit-2018\/\">Download Mediakit<\/a><\/p>\n<p>&nbsp;<\/p>\n","protected":false},"excerpt":{"rendered":"<p><span class=\"excerpt-hellip\"> [\u2026]<\/span><\/p>\n","protected":false},"author":2,"featured_media":0,"parent":4888,"menu_order":0,"comment_status":"closed","ping_status":"closed","template":"","meta":{"ngg_post_thumbnail":0,"footnotes":""},"class_list":["post-5619","page","type-page","status-publish","hentry"],"jetpack_shortlink":"https:\/\/wp.me\/P6K39A-1sD","jetpack_sharing_enabled":true,"_links":{"self":[{"href":"https:\/\/www.abenteuersuechtig.de\/index.php\/wp-json\/wp\/v2\/pages\/5619","targetHints":{"allow":["GET"]}}],"collection":[{"href":"https:\/\/www.abenteuersuechtig.de\/index.php\/wp-json\/wp\/v2\/pages"}],"about":[{"href":"https:\/\/www.abenteuersuechtig.de\/index.php\/wp-json\/wp\/v2\/types\/page"}],"author":[{"embeddable":true,"href":"https:\/\/www.abenteuersuechtig.de\/index.php\/wp-json\/wp\/v2\/users\/2"}],"replies":[{"embeddable":true,"href":"https:\/\/www.abenteuersuechtig.de\/index.php\/wp-json\/wp\/v2\/comments?post=5619"}],"version-history":[{"count":17,"href":"https:\/\/www.abenteuersuechtig.de\/index.php\/wp-json\/wp\/v2\/pages\/5619\/revisions"}],"predecessor-version":[{"id":12539,"href":"https:\/\/www.abenteuersuechtig.de\/index.php\/wp-json\/wp\/v2\/pages\/5619\/revisions\/12539"}],"up":[{"embeddable":true,"href":"https:\/\/www.abenteuersuechtig.de\/index.php\/wp-json\/wp\/v2\/pages\/4888"}],"wp:attachment":[{"href":"https:\/\/www.abenteuersuechtig.de\/index.php\/wp-json\/wp\/v2\/media?parent=5619"}],"curies":[{"name":"wp","href":"https:\/\/api.w.org\/{rel}","templated":true}]}}